{"id":16,"date":"2022-11-08T23:58:35","date_gmt":"2022-11-08T23:58:35","guid":{"rendered":"https:\/\/rendisoft.com\/?page_id=16"},"modified":"2023-10-03T22:37:32","modified_gmt":"2023-10-04T03:37:32","slug":"servicios","status":"publish","type":"page","link":"https:\/\/rendisoft.com\/index.php\/servicios\/","title":{"rendered":"SERVICIOS"},"content":{"rendered":"","protected":false},"excerpt":{"rendered":"","protected":false},"author":2,"featured_media":0,"parent":0,"menu_order":0,"comment_status":"closed","ping_status":"closed","template":"","meta":{"_et_pb_use_builder":"on","_et_pb_old_content":"<!-- wp:paragraph -->\n<p><strong>Consultor\u00eda Integral<\/strong><\/p>\n<!-- \/wp:paragraph -->\n\n<!-- wp:paragraph -->\n<p>Lograr resultados contundentes en las \u00e1reas de una empresa por medio de herramientas de clase mundial hacen que la excelencia operativa sea mucho m\u00e1s que la reducci\u00f3n de costos. El objetivo es lograr m\u00e1s velocidad, flexibilidad y altos niveles en la capacidad de respuesta para aumentar la competitividad y el crecimiento. Con nuestra metodolog\u00eda contribuimos a generar las mejoras de procesos desde el inicio, permitiendo que el margen de utilidad de su empresa crezca m\u00e1s r\u00e1pido.<\/p>\n<!-- \/wp:paragraph -->\n\n<!-- wp:paragraph {\"fontSize\":\"small\"} -->\n<p class=\"has-small-font-size\"><strong>Gesti\u00f3n por Procesos:<\/strong><\/p>\n<!-- \/wp:paragraph -->\n\n<!-- wp:paragraph {\"fontSize\":\"small\"} -->\n<p class=\"has-small-font-size\">Una Administraci\u00f3n moderna es aquella que permanentemente se encuentra inmersa en procesos de mejora que permitan acercarla y hacerla m\u00e1s accesible a sus clientes.<\/p>\n<!-- \/wp:paragraph -->\n\n<!-- wp:paragraph {\"fontSize\":\"small\"} -->\n<p class=\"has-small-font-size\">La Gesti\u00f3n por Procesos se revela como una herramienta adecuada ya que supone el paso de una visi\u00f3n \u201cadministrativa\u201d a una visi\u00f3n \u201cgestora\u201d y un cambio cultural radical, que no es ni m\u00e1s ni menos que situar a todos sus clientes como eje fundamental de la realizaci\u00f3n de sus productos y servicios.<\/p>\n<!-- \/wp:paragraph -->\n\n<!-- wp:paragraph {\"fontSize\":\"small\"} -->\n<p class=\"has-small-font-size\">Sin duda, esta t\u00e9cnica de gesti\u00f3n requiere para su aplicaci\u00f3n de su previo conocimiento: qu\u00e9 es, en qu\u00e9 consiste, c\u00f3mo se desarrolla, qu\u00e9 efectos va a tener en las relaciones Administraci\u00f3n-Clientes internos y externos.<\/p>\n<!-- \/wp:paragraph -->\n\n<!-- wp:paragraph {\"fontSize\":\"small\"} -->\n<p class=\"has-small-font-size\">La organizaci\u00f3n debe escuchar y entender que quieren sus clientes y en funci\u00f3n de sus requisitos, identificar y definir los procesos necesarios para conseguir los objetivos establecidos.<\/p>\n<!-- \/wp:paragraph -->\n\n<!-- wp:paragraph {\"fontSize\":\"small\"} -->\n<p class=\"has-small-font-size\"><strong>HERRAMIENTAS:<\/strong><\/p>\n<!-- \/wp:paragraph -->\n\n<!-- wp:paragraph {\"fontSize\":\"small\"} -->\n<p class=\"has-small-font-size\">\u2022&nbsp;&nbsp;&nbsp;&nbsp;&nbsp;&nbsp;&nbsp;&nbsp;&nbsp;&nbsp; Dise\u00f1o e implementaci\u00f3n de Sistemas de Gesti\u00f3n por Procesos.<\/p>\n<!-- \/wp:paragraph -->\n\n<!-- wp:paragraph {\"fontSize\":\"small\"} -->\n<p class=\"has-small-font-size\">\u2022&nbsp;&nbsp;&nbsp;&nbsp;&nbsp;&nbsp;&nbsp;&nbsp;&nbsp;&nbsp; Diagramaci\u00f3n de procesos.<\/p>\n<!-- \/wp:paragraph -->\n\n<!-- wp:paragraph {\"fontSize\":\"small\"} -->\n<p class=\"has-small-font-size\">\u2022&nbsp;&nbsp;&nbsp;&nbsp;&nbsp;&nbsp;&nbsp;&nbsp;&nbsp;&nbsp; Elaboraci\u00f3n de manuales, procedimientos, instructivos etc.<\/p>\n<!-- \/wp:paragraph -->\n\n<!-- wp:paragraph {\"fontSize\":\"small\"} -->\n<p class=\"has-small-font-size\">\u2022&nbsp;&nbsp;&nbsp;&nbsp;&nbsp;&nbsp;&nbsp;&nbsp;&nbsp;&nbsp; Evaluaci\u00f3n de puestos y funciones.<\/p>\n<!-- \/wp:paragraph -->\n\n<!-- wp:paragraph {\"fontSize\":\"small\"} -->\n<p class=\"has-small-font-size\">\u2022&nbsp;&nbsp;&nbsp;&nbsp;&nbsp;&nbsp;&nbsp;&nbsp;&nbsp;&nbsp; Re-ingenier\u00eda de procesos administrativos.<\/p>\n<!-- \/wp:paragraph -->\n\n<!-- wp:paragraph {\"fontSize\":\"small\"} -->\n<p class=\"has-small-font-size\"><strong>Tiempos y Movimientos:<\/strong><\/p>\n<!-- \/wp:paragraph -->\n\n<!-- wp:paragraph {\"fontSize\":\"small\"} -->\n<p class=\"has-small-font-size\">Las diferentes t\u00e9cnicas de estudios de tiempos y todas sus aplicaciones dentro de una organizaci\u00f3n le permiten a la direcci\u00f3n conocer el tiempo real que se invierte en ejecutar una operaci\u00f3n o serie de operaciones de tal forma que el tiempo improductivo se evidencie y sea posible separarlo del tiempo productivo. Es sorprendente la cantidad de tiempo improductivo incorporado en los procesos de las empresas que nunca han aplicado las t\u00e9cnicas adecuadas de Tiempos y Movimientos, de modo que, no se sospechaba o se consideraba como cosa corriente e inevitable que nadie pod\u00eda remediar.<\/p>\n<!-- \/wp:paragraph -->\n\n<!-- wp:paragraph {\"fontSize\":\"small\"} -->\n<p class=\"has-small-font-size\">El Desperdicio de tiempo es uno de los errores m\u00e1s comunes que se cometen en una organizaci\u00f3n por diferentes factores. Nuestra experiencia en la utilizaci\u00f3n de esta herramienta puede ayudarle a ser m\u00e1s eficiente y competitivo, eliminando tiempos improductivos y operaciones innecesarias que no agregan valor.<\/p>\n<!-- \/wp:paragraph -->\n\n<!-- wp:paragraph {\"fontSize\":\"small\"} -->\n<p class=\"has-small-font-size\"><strong>HERRAMIENTAS:<\/strong><\/p>\n<!-- \/wp:paragraph -->\n\n<!-- wp:paragraph {\"fontSize\":\"small\"} -->\n<p class=\"has-small-font-size\">\u2022&nbsp;&nbsp;&nbsp;&nbsp;&nbsp;&nbsp;&nbsp;&nbsp;&nbsp;&nbsp; Estudios de M\u00e9todos y Movimientos.<\/p>\n<!-- \/wp:paragraph -->\n\n<!-- wp:paragraph {\"fontSize\":\"small\"} -->\n<p class=\"has-small-font-size\">\u2022&nbsp;&nbsp;&nbsp;&nbsp;&nbsp;&nbsp;&nbsp;&nbsp;&nbsp;&nbsp; Estudios de Distribuci\u00f3n en planta. (layout).<\/p>\n<!-- \/wp:paragraph -->\n\n<!-- wp:paragraph {\"fontSize\":\"small\"} -->\n<p class=\"has-small-font-size\">\u2022&nbsp;&nbsp;&nbsp;&nbsp;&nbsp;&nbsp;&nbsp;&nbsp;&nbsp;&nbsp; Estudio de Capacidad Instalada.<\/p>\n<!-- \/wp:paragraph -->\n\n<!-- wp:paragraph {\"fontSize\":\"small\"} -->\n<p class=\"has-small-font-size\">\u2022&nbsp;&nbsp;&nbsp;&nbsp;&nbsp;&nbsp;&nbsp;&nbsp;&nbsp;&nbsp; Evaluaci\u00f3n de Utilizaci\u00f3n de M\u00e1quinas y Equipos.<\/p>\n<!-- \/wp:paragraph -->\n\n<!-- wp:paragraph {\"fontSize\":\"small\"} -->\n<p class=\"has-small-font-size\">\u2022&nbsp;&nbsp;&nbsp;&nbsp;&nbsp;&nbsp;&nbsp;&nbsp;&nbsp;&nbsp; Comparaci\u00f3n de m\u00e9todos de trabajo.<\/p>\n<!-- \/wp:paragraph -->\n\n<!-- wp:paragraph {\"fontSize\":\"small\"} -->\n<p class=\"has-small-font-size\">\u2022&nbsp;&nbsp;&nbsp;&nbsp;&nbsp;&nbsp;&nbsp;&nbsp;&nbsp;&nbsp; An\u00e1lisis y selecci\u00f3n de equipo de manejo de materiales.<\/p>\n<!-- \/wp:paragraph -->\n\n<!-- wp:paragraph {\"fontSize\":\"small\"} -->\n<p class=\"has-small-font-size\">\u2022&nbsp;&nbsp;&nbsp;&nbsp;&nbsp;&nbsp;&nbsp;&nbsp;&nbsp;&nbsp; An\u00e1lisis de costo beneficio.<\/p>\n<!-- \/wp:paragraph -->\n\n<!-- wp:paragraph {\"fontSize\":\"small\"} -->\n<p class=\"has-small-font-size\">\u2022&nbsp;&nbsp;&nbsp;&nbsp;&nbsp;&nbsp;&nbsp;&nbsp;&nbsp; Evaluaci\u00f3n de cargas de trabajo.<\/p>\n<!-- \/wp:paragraph -->\n\n<!-- wp:paragraph {\"fontSize\":\"small\"} -->\n<p class=\"has-small-font-size\">\u2022&nbsp;&nbsp;&nbsp;&nbsp;&nbsp;&nbsp;&nbsp;&nbsp;&nbsp;&nbsp; Estudios de tiempos con cronometro.<\/p>\n<!-- \/wp:paragraph -->\n\n<!-- wp:paragraph {\"fontSize\":\"small\"} -->\n<p class=\"has-small-font-size\">\u2022&nbsp;&nbsp;&nbsp;&nbsp;&nbsp;&nbsp;&nbsp;&nbsp;&nbsp;&nbsp; Estudios de tiempos por muestreo del trabajo.<\/p>\n<!-- \/wp:paragraph -->\n\n<!-- wp:paragraph {\"fontSize\":\"small\"} -->\n<p class=\"has-small-font-size\">\u2022&nbsp;&nbsp;&nbsp;&nbsp;&nbsp;&nbsp;&nbsp;&nbsp;&nbsp;&nbsp; Determinaci\u00f3n de eficiencias en procesos y sub-procesos.<\/p>\n<!-- \/wp:paragraph -->\n\n<!-- wp:paragraph {\"fontSize\":\"small\"} -->\n<p class=\"has-small-font-size\">\u2022&nbsp;&nbsp;&nbsp;&nbsp;&nbsp;&nbsp;&nbsp;&nbsp;&nbsp;&nbsp; Sistemas de control y medici\u00f3n del desempe\u00f1o del personal en base a tiempos est\u00e1ndares.<\/p>\n<!-- \/wp:paragraph -->\n\n<!-- wp:paragraph {\"fontSize\":\"small\"} -->\n<p class=\"has-small-font-size\">\u2022&nbsp;&nbsp;&nbsp;&nbsp;&nbsp;&nbsp;&nbsp;&nbsp;&nbsp;&nbsp; Implementaci\u00f3n de indicadores clave de productividad, eficiencia y eficacia.<\/p>\n<!-- \/wp:paragraph -->\n\n<!-- wp:paragraph {\"fontSize\":\"small\"} -->\n<p class=\"has-small-font-size\">\u2022&nbsp;&nbsp;&nbsp;&nbsp;&nbsp;&nbsp;&nbsp;&nbsp;&nbsp;&nbsp; Presupuesto de personas, m\u00e1quinas y otros recursos en base a est\u00e1ndares.<\/p>\n<!-- \/wp:paragraph -->\n\n<!-- wp:paragraph {\"fontSize\":\"small\"} -->\n<p class=\"has-small-font-size\">\u2022&nbsp;&nbsp;&nbsp;&nbsp;&nbsp;&nbsp;&nbsp;&nbsp;&nbsp;&nbsp; Sistemas de incentivos (Remuneraci\u00f3n variable).<\/p>\n<!-- \/wp:paragraph -->\n\n<!-- wp:paragraph {\"fontSize\":\"small\"} -->\n<p class=\"has-small-font-size\"><strong>Lean Manufacturing:<\/strong><\/p>\n<!-- \/wp:paragraph -->\n\n<!-- wp:paragraph {\"fontSize\":\"small\"} -->\n<p class=\"has-small-font-size\">El Lean Manufacturing o Manufactura Esbelta es una adaptaci\u00f3n del exitoso Sistema de Producci\u00f3n Toyota implementado durante los a\u00f1os 70 y consiste en la aplicaci\u00f3n de un conjunto de herramientas para eliminar operaciones que no agreguen valor al producto, servicio y\/o a los procesos, aumentando el valor de cada actividad realizada y, eliminando lo que no se requiere; reduce desperdicios y mejora las operaciones, bas\u00e1ndose siempre en el respeto al trabajador.<\/p>\n<!-- \/wp:paragraph -->\n\n<!-- wp:paragraph {\"fontSize\":\"small\"} -->\n<p class=\"has-small-font-size\">Taiichi Ohno \u2013 pionero del Sistema de Producci\u00f3n Toyota identific\u00f3 los principales or\u00edgenes del desperdicio que \u00e9l denomin\u00f3 \u201cLos Siete Desperdicios Mortales:<\/p>\n<!-- \/wp:paragraph -->\n\n<!-- wp:paragraph {\"fontSize\":\"small\"} -->\n<p class=\"has-small-font-size\">1. Sobreproducci\u00f3n.&nbsp;&nbsp;&nbsp;&nbsp;&nbsp;&nbsp;&nbsp; 2. Esperas.&nbsp;&nbsp;&nbsp;&nbsp;&nbsp;&nbsp;&nbsp; 3. Transportes.&nbsp;&nbsp;&nbsp;&nbsp;&nbsp; 4. Sobreprocesamiento.&nbsp;&nbsp;&nbsp;&nbsp; 5. Inventarios.<\/p>\n<!-- \/wp:paragraph -->\n\n<!-- wp:paragraph {\"fontSize\":\"small\"} -->\n<p class=\"has-small-font-size\">6. Movimientos innecesarios.&nbsp;&nbsp;&nbsp;&nbsp;&nbsp; 7. Defectos.<\/p>\n<!-- \/wp:paragraph -->\n\n<!-- wp:paragraph -->\n<p><strong>HERRAMIENTAS:<\/strong><\/p>\n<!-- \/wp:paragraph -->\n\n<!-- wp:list -->\n<ul><!-- wp:list-item -->\n<li>Los 7 desperdicios mortales<\/li>\n<!-- \/wp:list-item -->\n\n<!-- wp:list-item -->\n<li>Las 5 S<\/li>\n<!-- \/wp:list-item -->\n\n<!-- wp:list-item -->\n<li>M\u00e9todo y Cultura Kaizen<\/li>\n<!-- \/wp:list-item -->\n\n<!-- wp:list-item -->\n<li>Resoluci\u00f3n pr\u00e1ctica de problemas<\/li>\n<!-- \/wp:list-item -->\n\n<!-- wp:list-item -->\n<li>Pensamiento A3<\/li>\n<!-- \/wp:list-item -->\n\n<!-- wp:list-item -->\n<li>7 herramientas para el control de calidad<\/li>\n<!-- \/wp:list-item -->\n\n<!-- wp:list-item -->\n<li>Mapeo del flujo de valor<\/li>\n<!-- \/wp:list-item -->\n\n<!-- wp:list-item -->\n<li>Trabajo est\u00e1ndar<\/li>\n<!-- \/wp:list-item -->\n\n<!-- wp:list-item -->\n<li>Cambio r\u00e1pido de modelo SMED<\/li>\n<!-- \/wp:list-item -->\n\n<!-- wp:list-item -->\n<li>Sistema Justo a tiempo<\/li>\n<!-- \/wp:list-item -->\n\n<!-- wp:list-item -->\n<li>Kanban.<\/li>\n<!-- \/wp:list-item --><\/ul>\n<!-- \/wp:list -->\n\n<!-- wp:paragraph -->\n<p><strong>Six Sigma:<\/strong><\/p>\n<!-- \/wp:paragraph -->\n\n<!-- wp:paragraph -->\n<p>Six Sigma es una metodolog\u00eda de trabajo para conseguir la m\u00e1xima efectividad de las compa\u00f1\u00edas de bienes y servicios. Analiza las causas de la variaci\u00f3n en los procesos y propone soluciones que mejoren radicalmente el desempe\u00f1o del negocio.<\/p>\n<!-- \/wp:paragraph -->\n\n<!-- wp:paragraph -->\n<p>Seis Sigma usa una medida para observar que tan bien o mal se operan los procesos y darles una manera com\u00fan de expresar dicha medida.<\/p>\n<!-- \/wp:paragraph -->\n\n<!-- wp:paragraph -->\n<p>Esta metodolog\u00eda es bastante exigente y requiere de mucho compromiso y participaci\u00f3n de la alta Gerencia.&nbsp; Su aplicaci\u00f3n requiere de bastante capacitaci\u00f3n del personal medio y alto en diferentes t\u00e9cnicas de mejora de procesos con aplicaci\u00f3n de herramientas estad\u00edsticas, b\u00e1sicas y avanzadas con el fin de reducir la variaci\u00f3n de los procesos.<\/p>\n<!-- \/wp:paragraph -->\n\n<!-- wp:paragraph -->\n<p>Una de las caracter\u00edsticas que diferencia a esta metodolog\u00eda es que el grado de calidad de un proceso o producto no se mide en porcentaje, sino que se mide en defectos por mill\u00f3n de oportunidades (D.P.M.O).<\/p>\n<!-- \/wp:paragraph -->\n\n<!-- wp:paragraph -->\n<p><strong>HERRAMIENTAS:<\/strong><\/p>\n<!-- \/wp:paragraph -->\n\n<!-- wp:paragraph -->\n<p>\u2022&nbsp;&nbsp;&nbsp;&nbsp;&nbsp;&nbsp;&nbsp;&nbsp;&nbsp;&nbsp; Proyectos de re-ingenier\u00eda de procesos productivos y administrativos con orientaci\u00f3n a la mejora en la variaci\u00f3n de la calidad de procesos y productos (Eficacia).<\/p>\n<!-- \/wp:paragraph -->\n\n<!-- wp:paragraph -->\n<p>\u2022&nbsp;&nbsp;&nbsp;&nbsp;&nbsp;&nbsp;&nbsp;&nbsp;&nbsp;&nbsp; Definici\u00f3n de par\u00e1metros de calidad para los procesos y los productos.<\/p>\n<!-- \/wp:paragraph -->\n\n<!-- wp:paragraph -->\n<p>\u2022&nbsp;&nbsp;&nbsp;&nbsp;&nbsp;&nbsp;&nbsp;&nbsp;&nbsp;&nbsp; Implementaci\u00f3n de aseguramiento de calidad en la cadena productiva.<\/p>\n<!-- \/wp:paragraph -->\n\n<!-- wp:paragraph -->\n<p>\u2022&nbsp;&nbsp;&nbsp;&nbsp;&nbsp;&nbsp;&nbsp;&nbsp;&nbsp;&nbsp; Definici\u00f3n de estad\u00edsticas descriptivas.<\/p>\n<!-- \/wp:paragraph -->\n\n<!-- wp:paragraph -->\n<p>\u2022&nbsp;&nbsp;&nbsp;&nbsp;&nbsp;&nbsp;&nbsp;&nbsp;&nbsp;&nbsp; Auditor\u00edas de cumplimiento de los par\u00e1metros de calidad de los procesos y los productos.<\/p>\n<!-- \/wp:paragraph -->\n\n<!-- wp:paragraph -->\n<p><strong>Cursos de Capacitaci\u00f3n:<\/strong><\/p>\n<!-- \/wp:paragraph -->\n\n<!-- wp:paragraph -->\n<p>1.&nbsp;&nbsp;&nbsp;&nbsp;&nbsp;&nbsp;&nbsp;&nbsp; Productividad Organizacional.<\/p>\n<!-- \/wp:paragraph -->\n\n<!-- wp:paragraph -->\n<p>2.&nbsp;&nbsp;&nbsp;&nbsp;&nbsp;&nbsp;&nbsp;&nbsp; Herramientas Kaizen de mejora continua.<\/p>\n<!-- \/wp:paragraph -->\n\n<!-- wp:paragraph -->\n<p>3.&nbsp;&nbsp;&nbsp;&nbsp;&nbsp;&nbsp;&nbsp;&nbsp; Curso de Six Sigma.<\/p>\n<!-- \/wp:paragraph -->\n\n<!-- wp:paragraph -->\n<p>4.&nbsp;&nbsp;&nbsp;&nbsp;&nbsp;&nbsp;&nbsp;&nbsp; Lean Manufacturing.<\/p>\n<!-- \/wp:paragraph -->\n\n<!-- wp:paragraph -->\n<p>5.&nbsp;&nbsp;&nbsp;&nbsp;&nbsp;&nbsp;&nbsp;&nbsp; T\u00e9cnicas para elaboraci\u00f3n de Estudios de Tiempos.<\/p>\n<!-- \/wp:paragraph -->\n\n<!-- wp:paragraph -->\n<p>6.&nbsp;&nbsp;&nbsp;&nbsp;&nbsp;&nbsp;&nbsp;&nbsp; T\u00e9cnicas para elaboraci\u00f3n de Estudios de M\u00e9todos y Movimientos.<\/p>\n<!-- \/wp:paragraph -->\n\n<!-- wp:paragraph -->\n<p>7.&nbsp;&nbsp;&nbsp;&nbsp;&nbsp;&nbsp;&nbsp;&nbsp; Aplicaci\u00f3n de Est\u00e1ndares de Tiempos.<\/p>\n<!-- \/wp:paragraph -->\n\n<!-- wp:paragraph -->\n<p>8.&nbsp;&nbsp;&nbsp;&nbsp;&nbsp;&nbsp;&nbsp;&nbsp; Herramientas B\u00e1sicas de Control de Calidad aplicados con Excel.<\/p>\n<!-- \/wp:paragraph -->\n\n<!-- wp:paragraph -->\n<p>9.&nbsp;&nbsp;&nbsp;&nbsp;&nbsp;&nbsp;&nbsp;&nbsp; Motivaci\u00f3n para el logro de resultados.<\/p>\n<!-- \/wp:paragraph -->\n\n<!-- wp:paragraph -->\n<p>10.&nbsp;&nbsp;&nbsp;&nbsp;&nbsp;&nbsp; Sensibilizaci\u00f3n al cambio.<\/p>\n<!-- \/wp:paragraph -->\n\n<!-- wp:paragraph -->\n<p>11.&nbsp;&nbsp;&nbsp;&nbsp;&nbsp;&nbsp; C\u00edrculos de Calidad Efectivos.<\/p>\n<!-- \/wp:paragraph -->\n\n<!-- wp:paragraph -->\n<p>12.&nbsp;&nbsp;&nbsp;&nbsp;&nbsp;&nbsp; Dise\u00f1o y Gesti\u00f3n de Procesos.<\/p>\n<!-- \/wp:paragraph -->\n\n<!-- wp:paragraph -->\n<p>13.&nbsp;&nbsp;&nbsp;&nbsp;&nbsp;&nbsp; Administraci\u00f3n Efectiva del Tiempo.<\/p>\n<!-- \/wp:paragraph -->\n\n<!-- wp:paragraph -->\n<p>14.&nbsp;&nbsp;&nbsp;&nbsp;&nbsp;&nbsp; Creatividad y soluci\u00f3n de problemas<\/p>\n<!-- \/wp:paragraph -->\n\n<!-- wp:paragraph -->\n<p>15.&nbsp;&nbsp;&nbsp;&nbsp;&nbsp;&nbsp; Trabajo en equipo.<\/p>\n<!-- \/wp:paragraph -->\n\n<!-- wp:paragraph -->\n<p>16.&nbsp;&nbsp;&nbsp;&nbsp;&nbsp; &nbsp;Soluci\u00f3n de problemas.<\/p>\n<!-- \/wp:paragraph -->\n\n<!-- wp:paragraph -->\n<p>17.&nbsp;&nbsp;&nbsp;&nbsp;&nbsp;&nbsp; Herramientas de control de calidad aplicado en Excel.<\/p>\n<!-- \/wp:paragraph -->\n\n<!-- wp:paragraph -->\n<p>Cursos personalizados a la necesidad de su organizaci\u00f3n para realizar en forma presencial o virtual.<\/p>\n<!-- \/wp:paragraph -->\n\n<!-- wp:paragraph -->\n<p>Poseemos nuestra propia plataforma de cursos virtuales.<\/p>\n<!-- \/wp:paragraph -->","_et_gb_content_width":"","om_disable_all_campaigns":false,"_monsterinsights_skip_tracking":false,"_monsterinsights_sitenote_active":false,"_monsterinsights_sitenote_note":"","_monsterinsights_sitenote_category":0,"footnotes":""},"class_list":["post-16","page","type-page","status-publish","hentry"],"aioseo_notices":[],"_links":{"self":[{"href":"https:\/\/rendisoft.com\/index.php\/wp-json\/wp\/v2\/pages\/16"}],"collection":[{"href":"https:\/\/rendisoft.com\/index.php\/wp-json\/wp\/v2\/pages"}],"about":[{"href":"https:\/\/rendisoft.com\/index.php\/wp-json\/wp\/v2\/types\/page"}],"author":[{"embeddable":true,"href":"https:\/\/rendisoft.com\/index.php\/wp-json\/wp\/v2\/users\/2"}],"replies":[{"embeddable":true,"href":"https:\/\/rendisoft.com\/index.php\/wp-json\/wp\/v2\/comments?post=16"}],"version-history":[{"count":11,"href":"https:\/\/rendisoft.com\/index.php\/wp-json\/wp\/v2\/pages\/16\/revisions"}],"predecessor-version":[{"id":419,"href":"https:\/\/rendisoft.com\/index.php\/wp-json\/wp\/v2\/pages\/16\/revisions\/419"}],"wp:attachment":[{"href":"https:\/\/rendisoft.com\/index.php\/wp-json\/wp\/v2\/media?parent=16"}],"curies":[{"name":"wp","href":"https:\/\/api.w.org\/{rel}","templated":true}]}}